 -3)/((-74)/(-3663)). What is the highest common divisor of a and 6?
6
Suppose 0 = -17*b + 14 + 20. Suppose -b*h - 128 = -4*p, p - 16*h - 32 = -11*h. What is the greatest common factor of p and 64?
32
Let o = -327 - -331. Suppose -315 = -2*h - o*v - 3, -h = 4*v - 164. Calculate the greatest common divisor of h and 4.
4
Let g(j) = -8*j - 19. Let c be g(-2). Let o be -2 - (7 + -7) - c. Calculate the greatest common factor of 51 and o.
1
Suppose -18741*s = -18765*s + 124944. What is the highest common factor of s and 114?
38
Let f(s) = -s**3 + 3*s**2 - 5*s - 1. Let l be f(3). Let d be 42/(-5)*2*20/l. Let x be (-1)/(3/3)*-231. What is the highest common divisor of x and d?
21
Let g = 6856 - 5717. What is the greatest common factor of 221 and g?
17
Suppose p = g - 0*g + 2, -4 = -p + 2*g. Suppose p = w + 4*w + 5. Let k be -1 + (-7)/w + 4. What is the greatest common factor of 110 and k?
10
Let c = -210 + 213. Suppose -5*m + 2*v - c*v = -32, -m + 2 = -2*v. What is the highest common divisor of m and 96?
6
Let o(b) = -19*b + 229. Let q be o(12). Let n be (-4 - (-318 + 5)) + 1/q. What is the highest common divisor of 30 and n?
10
Suppose i = -0*i + 165. Let x = 315 - i. Suppose 0 = -r + 7*r - x. Calculate the greatest common factor of r and 10.
5
Let k = -4312 + 5296. What is the greatest common divisor of 120 and k?
24
Suppose 0*m = -12*m + 36. Suppose m*u + 180 = -2*u. Let p = u + 72. What is the highest common divisor of 27 and p?
9
Let u(s) = s**2 + 85*s + 290. Let h be u(-83). What is the greatest common divisor of 1519 and h?
31
Suppose 2*x + 378 = 8*x. Suppose -19*a + x = -621. What is the greatest common factor of a and 30?
6
Let g = -763 + 1160. Let s = -393 + g. What is the greatest common factor of 148 and s?
4
Let s(z) = -2*z**3 - 34*z**2 + 29*z + 529. Let b be s(-17). Let j(t) = -109*t + 30. Let a be j(-6). Calculate the greatest common divisor of a and b.
36
Let y(w) = -7*w**3 - 3*w**2 + 2*w + 3. Let d be y(-1). Let u = -312 - -472. Calculate the highest common factor of d and u.
5
Let t(j) = -297*j - 178. Let m be t(-2). Let u = -353 + m. Calculate the highest common divisor of 63 and u.
63
Suppose -2*a - 2*t + 88 = 0, -2*a + a = 5*t - 40. Let z(l) = l**2 - 59*l + 394. Let m be z(7). Calculate the highest common factor of a and m.
15
Suppose 4*o - 3*g - 468 = 0, 5*g - 500 = -69*o + 65*o. What is the greatest common factor of o and 912?
24
Let p(a) = 68*a**2. Let b be p(-1). Suppose 0 = -4*v - 2*c + 2462, -7*c + 804 + 469 = 2*v. What is the greatest common divisor of b and v?
68
Suppose -1033*r + 1021*r = -123900. Calculate the highest common factor of r and 35.
35
Let o be (-8 - 7548/(-36)) + (-15)/9. What is the highest common factor of o and 2120?
40
Suppose -n - 3*n = -200. Let v be 58/8 + -8 - (-470)/8. Suppose v*f - 72*f + 280 = 0. What is the highest common divisor of n and f?
10
Suppose -2*x + 10 = 2. Suppose q = -q + 4. Let b be q*(x + (-90)/(-3)). Calculate the highest common divisor of b and 102.
34
Let s(i) = -i**3 + 4*i**2 + 4*i - 8. Let m be s(3). Suppose -6*z = -m*z + 2373. Let d = z - 119. What is the greatest common factor of 22 and d?
22
Let g(v) = -v**3 + 42*v**2 + 4*v - 35*v**2 + 0*v - 6. Let t be g(7). Let s = 56 - t. Calculate the greatest common divisor of 17 and s.
17
Suppose -6*x = -0*x + 12. Let b be (x + 32)/(-1 - (-3 + 1)). Let c be ((-10)/(-25))/(3/b). What is the greatest common divisor of c and 44?
4
Suppose -592*t - 141771 = -721*t. What is the highest common factor of t and 6751?
157
Let h(c) = -11*c**3 - 18 - c + 23 - 4*c**2 - c**2. Let m be h(-3). Calculate the highest common factor of m and 20.
20
Let v be 62/403 + 106/(-26)*2. Let z be 1075 + (-6 - 2 - v). Calculate the highest common divisor of 25 and z.
25
Suppose -x + 108 = -220. Calculate the greatest common divisor of 24 and x.
8
Let o(c) = 8*c**2 - 6*c + 3. Let p be o(2). Let f = -170 - -193. Calculate the highest common factor of f and p.
23
Let o be 3/30*-6*95. Let d = o + 87. Calculate the greatest common factor of 10 and d.
10
Let t = -18689 + 18932. Calculate the greatest common factor of 1 and t.
1
Let x be 15/9 + (-2345)/21. Let p be (-4)/(x/(-38) - 3). What is the greatest common divisor of p and 1178?
38
Suppose -139*w + 2608 = -8095. Calculate the greatest common divisor of w and 22.
11
Let d(u) = 13484 - 4*u - 13472 + u**3 + 17*u + 12*u**2. Let v be d(-10). Calculate the greatest common divisor of 287 and v.
41
Let i = 391 - 372. Suppose 3430 = -i*y + 26*y. What is the greatest common divisor of y and 14?
14
Suppose 0 = -5*k + 30, -3*k = -6*r - 137 + 167. Let l(s) = 16*s**2 - s + 1. Let p be l(1). Calculate the greatest common factor of p and r.
8
Let c = -76 - -85. Suppose -5*h + c = -31. What is the greatest common divisor of 296 and h?
8
Suppose 135 - 1071 = -13*n. Calculate the highest common factor of n and 504.
72
Suppose y = -5*y + 3168. Suppose 0 = -38*v + 4*v + 1632. What is the highest common factor of y and v?
48
Let o(n) = -n**2 + 18*n + 63. Let y be o(21). Suppose y = 3*g - 0*q + 3*q - 1608, -4*g + 2144 = 2*q. Calculate the highest common factor of g and 8.
8
Let k(u) = -317*u + 40. Suppose 15*d + 7 = -53. Let f be k(d). Suppose 4*j + a - f - 257 = 0, 3*a = -9. What is the greatest common divisor of j and 49?
49
Suppose 131*i = 128*i + 4*p + 100135, -8 = 2*p. Calculate the highest common divisor of i and 23.
23
Suppose -121 + 7 = -2*k. Let g = 105 - k. Let r = -96 + 104. What is the greatest common divisor of r and g?
8
Let j = -496 - -326. Let n be (j + 2)*(-12)/24. What is the highest common factor of n and 147?
21
Let s be 6/((10/90)/(1/2)). Suppose -2*m = 4*z - 7*m - 1424, 0 = 2*z + 3*m - 690. Calculate the greatest common factor of s and z.
27
Suppose -100*k - 9576 = -94*k. Let j = -888 - k. What is the greatest common divisor of 12 and j?
12
Suppose 7044*r - 8 = 7042*r. What is the greatest common factor of r and 256?
4
Suppose -73 = -4*u - 3*s, -21*u + 4*s - 44 = -23*u. Let d be 26106/51 - 20/(-170). What is the highest common factor of u and d?
16
Suppose -20*y + 261 = -2079. Calculate the greatest common divisor of 52 and y.
13
Suppose 696*k = 705*k - 18495. What is the highest common factor of k and 15?
15
Let n(u) = -u**3 + 35*u**2 + 157*u + 16. Let x be n(-4). Calculate the greatest common factor of 4962 and x.
6
Let p be (-1)/((-1 + 17)/(-1008)). What is the greatest common divisor of p and 237?
3
Suppose -38*a + 153 = -75. Suppose -f + a*f = 2125. What is the highest common factor of 85 and f?
85
Suppose 56*a - 15*a - 4192 = -10. Calculate the highest common factor of a and 348.
6
Let h(f) = -2*f**2 - 130*f + 835. Let u be h(-66). Calculate the greatest common factor of 19 and u.
19
Suppose -34*m + 33*m + 4*x + 30 = 0, -4*m = -2*x - 92. Suppose -7*k + 2*k + 95 = 0. Let s = k - 8. What is the highest common divisor of m and s?
11
Let m(v) = -140*v + 13275. Let b be m(94). Suppose 3*j + 12 - 81 = 0. What is the highest common divisor of b and j?
23
Let j = -2815 + 2927. Calculate the greatest common factor of j and 5768.
56
Let o be (-20)/(-6) - (-24)/(-18). Let f be -1 + 0 - -3 - o. Suppose f = -5*r + 264 + 716. Calculate the highest common factor of 28 and r.
28
Let h(c) = 79*c**3 + 6*c**2 - 5*c. Let g be h(1). What is the greatest common divisor of 190 and g?
10
Let n = 8962 + -8902. Calculate the greatest common factor of 10740 and n.
60
Let k be (1170/(-18)*28/30)/(5/(-15)). What is the greatest common divisor of 42 and k?
14
Let h(i) = -2*i + 18. Let n be h(6). Let m(o) = 2*o**2 + 3*o - 11. Let a be m(n). Let f = -69 + a. Calculate the highest common divisor of 110 and f.
10
Suppose -210*o + 224*o - 2808 = -1016. What is the greatest common factor of 2432 and o?
128
Suppose 3*s - 1 = -19. Let o be 405/15 - s*1/(-2). Suppose t - o = 2. Calculate the highest common divisor of t and 65.
13
Let m(c) = 7*c**2 - 7*c**2 - c - 2*c**3 + 2. Let t be m(-2). Let u(j) = j**2 + 83*j + 1270. Let l be u(-20). What is the highest common factor of l and t?
10
Let v = 36909 - 27417. What is the highest common factor of v and 336?
84
Suppose -24*y + 29*y - 700 = -5*p, -3*y = 2*p - 283. Calculate the greatest common factor of p and 1507.
137
Let t(f) = -186*f + 567. Let m be t(3). Let w(q) = -2*q**2 + 0*q + 20*q + q - 11